2) to base 5
12140
-1100100011110 (base 2) to base 9
-8734
Convert -9 (base 12) to base 4.
-21
What is 1010010110111 (base 2) in base 8?
12267
What is -111002 (base 3) in base 5?
-2403
What is -104212 (base 5) in base 6?
-25014
d3 (base 15) to base 16
c6
161 (base 7) to base 13
71
Convert 145 (base 7) to base 6.
214
-6055 (base 9) to base 12
-2688
What is 137 (base 10) in base 2?
10001001
-14452 (base 6) to base 8
-4440
Convert 90ba (base 16) to base 14.
d706
What is 2569 (base 12) in base 16?
10a1
What is 544b (base 15) in base 7?
103013
What is -70048 (base 9) in base 7?
-251012
-13302222 (base 4) to base 6
-403430
What is -130304 (base 5) in base 12?
-2b33
-353d (base 15) to base 10
-11308
Convert -637 (base 8) to base 15.
-1ca
93 (base 14) to base 2
10000001
-5154 (base 6) to base 15
-51a
What is 33302 (base 4) in base 6?
4402
-1120211 (base 3) to base 8
-2204
c7 (base 16) to base 8
307
-26856 (base 9) to base 8
-43423
What is -2600 (base 7) in base 2?
-1111010100
Convert 22110 (base 3) to base 5.
1403
Convert -159a8 (base 13) to base 8.
-120365
-c0 (base 15) to base 5
-1210
-1a9 (base 15) to base 11
-31a
What is -585 (base 9) in base 16?
-1e2
Convert 1242 (base 5) to base 11.
16a
296 (base 14) to base 11
437
33050 (base 6) to base 4
1013112
Convert 9162 (base 16) to base 3.
1220001110
-13244 (base 5) to base 8
-2062
53005 (base 6) to base 7
26540
1212330 (base 4) to base 3
100001000
What is -3131 (base 6) in base 4?
-22333
What is cb6 (base 15) in base 6?
21143
Convert 123 (base 4) to base 2.
11011
What is 8563 (base 9) in base 7?
24231
Convert -10212102 (base 3) to base 9.
-3772
-754 (base 13) to base 8
-2344
Convert 1127 (base 11) to base 8.
2711
Convert -21950 (base 13) to base 4.
-32313221
What is -1316 (base 10) in base 8?
-2444
What is -863 (base 9) in base 7?
-2025
What is -10000101010 (base 2) in base 11?
-88a
-16946 (base 12) to base 5
-2014304
What is -368 (base 13) in base 2?
-1001010001
What is 5c02 (base 13) in base 4?
3023113
What is -4136 (base 8) in base 16?
-85e
What is e262 (base 16) in base 6?
1124150
Convert -6366 (base 10) to base 3.
-22201210
What is -51c1 (base 15) in base 6?
-212001
What is 31a (base 15) in base 13?
41b
-340 (base 6) to base 14
-96
142 (base 9) to base 10
119
What is -10001100110100 (base 2) in base 8?
-21464
Convert 1021121 (base 3) to base 10.
934
-8b7 (base 16) to base 9
-3048
-54 (base 6) to base 2
-100010
-303 (base 4) to base 3
-1220
What is 10323003 (base 4) in base 16?
4ec3
What is -15d5 (base 16) in base 8?
-12725
Convert 25561 (base 10) to base 15.
7891
-1660 (base 7) to base 6
-3051
What is -16c3 (base 15) in base 7?
-20211
Convert -198 (base 13) to base 9.
-356
What is -1211122 (base 3) in base 12?
-938
-b9f (base 16) to base 15
-d35
Convert -31030 (base 4) to base 9.
-1137
Convert 1101102000 (base 3) to base 7.
142335
1194 (base 14) to base 3
11012201
What is b926 (base 12) in base 6?
234050
60116 (base 8) to base 3
1020211010
Convert -6151 (base 9) to base 13.
-2083
7ad6 (base 15) to base 8
62734
Convert -3131234 (base 5) to base 7.
-304543
What is -10440 (base 5) in base 16?
-2e9
Convert 143510 (base 6) to base 14.
5054
11010001010011 (base 2) to base 12
7903
Convert 1124 (base 6) to base 10.
268
-907 (base 11) to base 12
-774
Convert 120212210 (base 3) to base 9.
16783
Convert -9d (base 14) to base 15.
-94
Convert -626 (base 15) to base 3.
-1220100
What is 441022 (base 5) in base 4?
3230201
Convert 13137 (base 9) to base 13.
405a
Convert -27643 (base 8) to base 6.
-132243
41 (base 15) to base 8
75
3e8e (base 15) to base 5
412114
What is -31 (base 5) in base 10?
-16
-13113 (base 4) to base 9
-573
What is b5b (base 15) in base 13?
1220
-12735 (base 9) to base 2
-10000110101010
978 (base 11) to base 8
2226
-111010 (base 2) to base 6
-134
Convert 21e4 (base 15) to base 4.
1300111
d8b (base 15) to base 3
11012012
Convert -6449 (base 11) to base 12.
-4b23
Convert 2110101 (base 3) to base 2.
11100000000
Convert -26d (base 15) to base 2.
-1000101001
Convert 341 (base 13) to base 14.
2c0
What is 1020121012 (base 3) in base 6?
305222
Convert 372 (base 12) to base 15.
248
Convert 202331 (base 5) to base 10.
6591
What is -14413 (base 8) in base 4?
-1210023
-707 (base 11) to base 16
-356
-31 (base 5) to base 14
-12
What is 101101010 (base 2) in base 14?
1bc
116 (base 16) to base 9
338
Convert -3ab7 (base 13) to base 15.
-2771
-404 (base 15) to base 2
-1110001000
Convert -1324130 (base 5) to base 8.
-64246
Convert 13a (base 14) to base 4.
3320
5dc7 (base 14) to base 9
24500
Convert 42321 (base 9) to base 13.
c961
-1641 (base 7) to base 11
-556
Convert -15c0 (base 16) to base 10.
-5568
Convert 32230 (base 4) to base 7.
2512
3173 (base 10) to base 11
2425
What is -146533 (base 7) in base 4?
-13001002
What is 113231 (base 6) in base 13?
4609
What is -5203 (base 6) in base 3?
-1120210
What is -30723 (base 8) in base 7?
-52121
What is 380 (base 10) in base 3?
112002
Convert -4304 (base 16) to base 4.
-10030010
-3901 (base 15) to base 9
-17601
Convert -a3e (base 15) to base 14.
-bad
What is 52a8 (base 12) in base 9?
13372
Convert 4a2 (base 15) to base 16.
41c
What is 1a43 (base 12) in base 4?
302103
Convert -4db4 (base 16) to base 15.
-5d62
What is -25324 (base 6) in base 15?
-11d1
Convert 333224 (base 5) to base 2.
10110110101001
-22 (base 8) to base 15
-13
Convert -760 (base 16) to base 15.
-85d
Convert -130330 (base 4) to base 9.
-2477
What is 11152 (base 12) in base 2?
101100010001110
What is -d3 (base 15) in base 2?
-11000110
-1000112 (base 3) to base 8
-1347
What is 75e (base 16) in base 7?
5333
What is 7780 (base 13) in base 10?
16666
Convert 2306 (base 11) to base 6.
22011
-58b (base 12) to base 10
-827
-7d3 (base 16) to base 14
-a31
1b11 (base 12) to base 14
12d7
74 (base 16) to base 7
224
What is -3377 (base 8) in base 2?
-11011111111
Convert -2232014 (base 5) to base 4.
-21223102
Convert 369 (base 11) to base 7.
1164
Convert 22e (base 15) to base 7.
1304
Convert 3299a (base 11) to base 7.
256211
What is c7 (base 15) in base 6?
511
1002121 (base 3) to base 7
2221
2324 (base 5) to base 8
523
-245402 (base 6) to base 4
-11113022
Convert 110000111001 (base 2) to base 9.
4256
188 (base 11) to base 14
117
What is -36 (base 8) in base 7?
-42
What is 6106 (base 7) in base 3?
2220021
What is -5722 (base 10) in base 5?
-140342
What is -1740 (base 13) in base 4?
-311220
Convert -155a8 (base 11) to base 7.
-121124
What is 353 (base 11) in base 4?
12211
Convert 2020210 (base 3) to base 6.
11333
Convert 331 (base 9) to base 8.
417
Convert -3cd (base 14) to base 7.
-2146
What is 1b3 (base 12) in base 15?
139
2047 (base 11) to base 8
5231
What is -20 (base 16) in base 7?
-44
Convert -21120 (base 3) to base 9.
-246
-1a101 (base 14) to base 6
-1225445
-1210211 (base 3) to base 5
-20233
What is 1341 (base 10) in base 12?
939
Convert 457 (base 10) to base 7.
1222
What is -4678 (base 11) in base 14?
-2343
What is -2625 (base 9) in base 7?
-5510
1079 (base 10) to base 7
3101
What is 50bb (base 14) in base 7?
55324
-2ba (base 16) to base 7
-2015
Convert -34441 (base 7) to base 13.
-400c
What is c163 (base 14) in base 15?
9c91
Convert 1911 (base 10) to base 4.
131313
-266 (base 11) to base 4
-10322
22573 (base 8) to base 14
36d5
-276a (base 12) to base 7
-16153
1206 (base 8) to base 3
212221
What is -1043014 (base 5) in base 15?
-573e
What is -124053 (base 6) in base 2?
-10110000000001
-1923 (base 12) to base 13
-1509
Convert 13514 (base 8) to base 3.
22011220
-201400 (base 5) to base 7
-24610
What is -20102212 (base 3) in base 14?
-19d4
12323031 (base 4) to base 15
8610
What is -24603 (base 9) in base 13?
-76a4
-9462 (base 13) to base 6
-235013
Convert 2000102 (base 3) to base 7.
4166
-1001001101 (base 2) to base 13
-364
Convert 7a2 (base 13) to base 11.
a96
430 (base 12) to base 15
2ac
Convert 1727 (base 14) to base 3.
12200202
Convert 102002102 (base 3) to base 12.
4818
What is 10100011000 (base 2) in base 12?
908
What is -341 (base 16) in base 11?
-698
What is -41035 (base 8) in base 15?
-5035
1110101100010000 (base 2) to base 12
2a9a8
254 (base 8) to base 11
147
Convert -a99 (base 12) to base 2.
-11000010101
-25c4 (base 15) to base 14
-2d19
Convert 111010000 (base 2) to base 3.
122012
What is 111001000001